{"id":16,"date":"2014-08-19T11:55:19","date_gmt":"2014-08-19T09:55:19","guid":{"rendered":"http:\/\/krankengymnastik-flensburg.de\/cms\/?page_id=16"},"modified":"2022-11-15T20:27:42","modified_gmt":"2022-11-15T18:27:42","slug":"krankengymnastik","status":"publish","type":"page","link":"http:\/\/krankengymnastik-flensburg.de\/physio\/krankengymnastik\/","title":{"rendered":"Krankengymnastik (KG)"},"content":{"rendered":"<h2>Physiotherapie oder\u00a0Krankengymnastik?<\/h2>\n<p>Beides ist richtig. Auch wenn der Begriff <em>Krankengymnastik<\/em> Mitte der neunziger Jahre des vergangenen Jahrhunderts durch <em>Physiotherapie<\/em> abgel\u00f6st wurde, so meint beides dasselbe, n\u00e4mlich \u00e4u\u00dferliche Anwendungen, welche die Funktionsf\u00e4higkeit des K\u00f6rpers wiederherstellen sollen.<\/p>\n<p>Wir bieten in unserer Praxis die folgenden physiotherapeutischen Bereiche an:<\/p>\n<ul>\n<li><a title=\"Manuelle Therapie\" href=\"http:\/\/krankengymnastik-flensburg.de\/cms\/manuelle-therapie\/\">Manuelle Therapie<\/a><\/li>\n<li><a title=\"Krankengymnastik am Ger\u00e4t\" href=\"http:\/\/krankengymnastik-flensburg.de\/physio\/krankengymnastik-am-geraet\/\">Krankengymnastik am Ger\u00e4t<\/a><\/li>\n<li><a title=\"Krankengymnastik im Schlingentisch\" href=\"http:\/\/krankengymnastik-flensburg.de\/physio\/krankengymnastik-im-schlingertisch\/\">Krankengymnastik\u00a0im Schlingentisch<\/a><\/li>\n<li><a title=\"Therapie der kraniomandibul\u00e4ren Dysfunktion\" href=\"http:\/\/krankengymnastik-flensburg.de\/physio\/cmd\/\">Behandlung der CMD<\/a><\/li>\n<li><a style=\"box-sizing: border-box; word-wrap: break-word; outline: none; color: #333333; text-decoration: none; background: transparent;\" title=\"Handtherapie\" href=\"http:\/\/krankengymnastik-flensburg.de\/physio\/handtherapeut\/\">Handtherapie<\/a><\/li>\n<\/ul>\n<p>Die Physiotherapie umfasst eine Vielzahl von Methoden, welche zum gr\u00f6\u00dften Teil von den Krankenkassen anerkannt sind und deren Kosten demgem\u00e4\u00df erstattet werden;\u00a0 Voraussetzung hierf\u00fcr ist eine \u00e4rztliche Verordnung. Ob die Kosten einer Anwendung von Ihrer Kasse erstattet werden erfragen Sie bitte dort oder rufen Sie uns an, wir k\u00f6nnen Ihnen in der Regel entsprechende Auskunft erteilen.<\/p>\n<p>Eine \u00dcbersicht \u00fcber unser Therapieangebot und die jeweilige Kosten\u00fcbernahme k\u00f6nnen Sie sich au\u00dferdem auf den Seiten <a href=\"http:\/\/krankengymnastik-flensburg.de\/cms\/kassenleistungen\/\">Kassenleistungen<\/a> und <a href=\"http:\/\/krankengymnastik-flensburg.de\/cms\/private-leistungen\/\">Private Leistungen<\/a> verschaffen.<\/p>\n<p>In unserer Praxis werden alle Behandlungen von ad\u00e4quat ausgebildeten und geschulten Personal vorgenommen. Durch regelm\u00e4\u00dfige Fortbildungen bleibt unser Team fachlich immer auf dem Laufenden, neueste Erkenntnisse und Methoden flie\u00dfen so stetig in unsere Arbeit ein.<\/p>\n<p>Welcher Therapieansatz im Allgemeinen und welche Anwendungen im Speziellen f\u00fcr Sie richtig sind, entscheiden der behandelnde Arzt und wir gemeinsam. Dabei flie\u00dfen unsere Expertise und Erfahrung ebenso mit in die Entscheidungsfindung ein, wie die objektive Befundung durch den behandelden Arzt und Ihre subjektive Beurteilung Ihres Gesundheitszustandes.<\/p>\n","protected":false},"excerpt":{"rendered":"<p class=\"excerpt\">Physiotherapie oder\u00a0Krankengymnastik? Beides ist richtig. Auch wenn der Begriff Krankengymnastik Mitte der neunziger Jahre des vergangenen Jahrhunderts durch Physiotherapie abgel\u00f6st wurde, so meint beides dasselbe, n\u00e4mlich \u00e4u\u00dferliche Anwendungen, welche die Funktionsf\u00e4higkeit des K\u00f6rpers wiederherstellen sollen. Wir bieten in unserer Praxis die folgenden physiotherapeutischen Bereiche an: Manuelle Therapie Krankengymnastik am Ger\u00e4t Krankengymnastik\u00a0im Schlingentisch Behandlung der CMD Handtherapie Die Physiotherapie umfasst eine&hellip; <a href=\"http:\/\/krankengymnastik-flensburg.de\/physio\/krankengymnastik\/\">weiterlesen &rarr;<\/a><\/p>\n","protected":false},"author":1,"featured_media":0,"parent":0,"menu_order":0,"comment_status":"closed","ping_status":"closed","template":"","meta":[],"yoast_head":"<!-- This site is optimized with the Yoast SEO plugin v17.1 - https:\/\/yoast.com\/wordpress\/plugins\/seo\/ -->\n<meta name=\"description\" content=\"Sie erhalten neben anderen Therapien klassische Krankengymnastik in der Praxis f\u00fcr Physiotherapie in Flensburg.\" \/>\n<meta name=\"robots\" content=\"index, follow, max-snippet:-1, max-image-preview:large, max-video-preview:-1\" \/>\n<link rel=\"canonical\" href=\"http:\/\/krankengymnastik-flensburg.de\/physio\/krankengymnastik\/\" \/>\n<meta property=\"og:locale\" content=\"de_DE\" \/>\n<meta property=\"og:type\" content=\"article\" \/>\n<meta property=\"og:title\" content=\"Krankengymnastik (KG) - Physiotherapie Gorm Larsen\" \/>\n<meta property=\"og:description\" content=\"Sie erhalten neben anderen Therapien klassische Krankengymnastik in der Praxis f\u00fcr Physiotherapie in Flensburg.\" \/>\n<meta property=\"og:url\" content=\"http:\/\/krankengymnastik-flensburg.de\/physio\/krankengymnastik\/\" \/>\n<meta property=\"og:site_name\" content=\"Physiotherapie Gorm Larsen\" \/>\n<meta property=\"article:modified_time\" content=\"2022-11-15T18:27:42+00:00\" \/>\n<meta name=\"twitter:label1\" content=\"Gesch\u00e4tzte Lesezeit\" \/>\n\t<meta name=\"twitter:data1\" content=\"1\u00a0Minute\" \/>\n<script type=\"application\/ld+json\" class=\"yoast-schema-graph\">{\"@context\":\"https:\/\/schema.org\",\"@graph\":[{\"@type\":\"WebSite\",\"@id\":\"http:\/\/krankengymnastik-flensburg.de\/physio\/#website\",\"url\":\"http:\/\/krankengymnastik-flensburg.de\/physio\/\",\"name\":\"Physiotherapie Gorm Larsen\",\"description\":\"Krankengymnastik Flensburg\",\"potentialAction\":[{\"@type\":\"SearchAction\",\"target\":{\"@type\":\"EntryPoint\",\"urlTemplate\":\"http:\/\/krankengymnastik-flensburg.de\/physio\/?s={search_term_string}\"},\"query-input\":\"required name=search_term_string\"}],\"inLanguage\":\"de\"},{\"@type\":\"WebPage\",\"@id\":\"http:\/\/krankengymnastik-flensburg.de\/physio\/krankengymnastik\/#webpage\",\"url\":\"http:\/\/krankengymnastik-flensburg.de\/physio\/krankengymnastik\/\",\"name\":\"Krankengymnastik (KG) - Physiotherapie Gorm Larsen\",\"isPartOf\":{\"@id\":\"http:\/\/krankengymnastik-flensburg.de\/physio\/#website\"},\"datePublished\":\"2014-08-19T09:55:19+00:00\",\"dateModified\":\"2022-11-15T18:27:42+00:00\",\"description\":\"Sie erhalten neben anderen Therapien klassische Krankengymnastik in der Praxis f\\u00fcr Physiotherapie in Flensburg.\",\"breadcrumb\":{\"@id\":\"http:\/\/krankengymnastik-flensburg.de\/physio\/krankengymnastik\/#breadcrumb\"},\"inLanguage\":\"de\",\"potentialAction\":[{\"@type\":\"ReadAction\",\"target\":[\"http:\/\/krankengymnastik-flensburg.de\/physio\/krankengymnastik\/\"]}]},{\"@type\":\"BreadcrumbList\",\"@id\":\"http:\/\/krankengymnastik-flensburg.de\/physio\/krankengymnastik\/#breadcrumb\",\"itemListElement\":[{\"@type\":\"ListItem\",\"position\":1,\"name\":\"Home\",\"item\":\"http:\/\/krankengymnastik-flensburg.de\/physio\/\"},{\"@type\":\"ListItem\",\"position\":2,\"name\":\"Krankengymnastik (KG)\"}]}]}<\/script>\n<!-- \/ Yoast SEO plugin. -->","yoast_head_json":{"description":"Sie erhalten neben anderen Therapien klassische Krankengymnastik in der Praxis f\u00fcr Physiotherapie in Flensburg.","robots":{"index":"index","follow":"follow","max-snippet":"max-snippet:-1","max-image-preview":"max-image-preview:large","max-video-preview":"max-video-preview:-1"},"canonical":"http:\/\/krankengymnastik-flensburg.de\/physio\/krankengymnastik\/","og_locale":"de_DE","og_type":"article","og_title":"Krankengymnastik (KG) - Physiotherapie Gorm Larsen","og_description":"Sie erhalten neben anderen Therapien klassische Krankengymnastik in der Praxis f\u00fcr Physiotherapie in Flensburg.","og_url":"http:\/\/krankengymnastik-flensburg.de\/physio\/krankengymnastik\/","og_site_name":"Physiotherapie Gorm Larsen","article_modified_time":"2022-11-15T18:27:42+00:00","twitter_misc":{"Gesch\u00e4tzte Lesezeit":"1\u00a0Minute"},"schema":{"@context":"https:\/\/schema.org","@graph":[{"@type":"WebSite","@id":"http:\/\/krankengymnastik-flensburg.de\/physio\/#website","url":"http:\/\/krankengymnastik-flensburg.de\/physio\/","name":"Physiotherapie Gorm Larsen","description":"Krankengymnastik Flensburg","potentialAction":[{"@type":"SearchAction","target":{"@type":"EntryPoint","urlTemplate":"http:\/\/krankengymnastik-flensburg.de\/physio\/?s={search_term_string}"},"query-input":"required name=search_term_string"}],"inLanguage":"de"},{"@type":"WebPage","@id":"http:\/\/krankengymnastik-flensburg.de\/physio\/krankengymnastik\/#webpage","url":"http:\/\/krankengymnastik-flensburg.de\/physio\/krankengymnastik\/","name":"Krankengymnastik (KG) - Physiotherapie Gorm Larsen","isPartOf":{"@id":"http:\/\/krankengymnastik-flensburg.de\/physio\/#website"},"datePublished":"2014-08-19T09:55:19+00:00","dateModified":"2022-11-15T18:27:42+00:00","description":"Sie erhalten neben anderen Therapien klassische Krankengymnastik in der Praxis f\u00fcr Physiotherapie in Flensburg.","breadcrumb":{"@id":"http:\/\/krankengymnastik-flensburg.de\/physio\/krankengymnastik\/#breadcrumb"},"inLanguage":"de","potentialAction":[{"@type":"ReadAction","target":["http:\/\/krankengymnastik-flensburg.de\/physio\/krankengymnastik\/"]}]},{"@type":"BreadcrumbList","@id":"http:\/\/krankengymnastik-flensburg.de\/physio\/krankengymnastik\/#breadcrumb","itemListElement":[{"@type":"ListItem","position":1,"name":"Home","item":"http:\/\/krankengymnastik-flensburg.de\/physio\/"},{"@type":"ListItem","position":2,"name":"Krankengymnastik (KG)"}]}]}},"_links":{"self":[{"href":"http:\/\/krankengymnastik-flensburg.de\/physio\/wp-json\/wp\/v2\/pages\/16"}],"collection":[{"href":"http:\/\/krankengymnastik-flensburg.de\/physio\/wp-json\/wp\/v2\/pages"}],"about":[{"href":"http:\/\/krankengymnastik-flensburg.de\/physio\/wp-json\/wp\/v2\/types\/page"}],"author":[{"embeddable":true,"href":"http:\/\/krankengymnastik-flensburg.de\/physio\/wp-json\/wp\/v2\/users\/1"}],"replies":[{"embeddable":true,"href":"http:\/\/krankengymnastik-flensburg.de\/physio\/wp-json\/wp\/v2\/comments?post=16"}],"version-history":[{"count":14,"href":"http:\/\/krankengymnastik-flensburg.de\/physio\/wp-json\/wp\/v2\/pages\/16\/revisions"}],"predecessor-version":[{"id":1011,"href":"http:\/\/krankengymnastik-flensburg.de\/physio\/wp-json\/wp\/v2\/pages\/16\/revisions\/1011"}],"wp:attachment":[{"href":"http:\/\/krankengymnastik-flensburg.de\/physio\/wp-json\/wp\/v2\/media?parent=16"}],"curies":[{"name":"wp","href":"https:\/\/api.w.org\/{rel}","templated":true}]}}