{"id":40,"date":"2014-08-20T16:43:52","date_gmt":"2014-08-20T14:43:52","guid":{"rendered":"http:\/\/krankengymnastik-flensburg.de\/cms\/?page_id=40"},"modified":"2019-04-24T09:24:21","modified_gmt":"2019-04-24T07:24:21","slug":"krankengymnastik-am-geraet","status":"publish","type":"page","link":"http:\/\/krankengymnastik-flensburg.de\/physio\/krankengymnastik-am-geraet\/","title":{"rendered":"Krankengymnastik am Ger\u00e4t (KGG)"},"content":{"rendered":"<h2>Ger\u00e4tegest\u00fctzte Krankengymnastik<\/h2>\n<div id=\"attachment_192\" style=\"width: 310px\" class=\"wp-caption alignright\"><a href=\"http:\/\/krankengymnastik-flensburg.de\/physio\/wp-content\/uploads\/2019\/04\/krankengymnastik-am-geraet.jpg\"><img aria-describedby=\"caption-attachment-192\" loading=\"lazy\" class=\"wp-image-192 size-medium\" src=\"http:\/\/krankengymnastik-flensburg.de\/physio\/wp-content\/uploads\/2019\/04\/krankengymnastik-am-geraet-300x200.jpg\" alt=\"Krankengymnastik an modernsten Ger\u00e4ten \" width=\"300\" height=\"199\"><\/a><p id=\"caption-attachment-192\" class=\"wp-caption-text\">Krankengymnastik am Ger\u00e4t<\/p><\/div>\n<p>Viele krankengymnastische Methoden, wie z.B. die <a title=\"Manuelle Therapie\" href=\"http:\/\/krankengymnastik-flensburg.de\/physio\/manuelle-therapie\/\">Techniken der manuellen Therapie<\/a>,&nbsp; kommen ohne Ger\u00e4teunterst\u00fctzung zur Anwendung. Es gibt aber durchaus Situationen, in denen die Krankengymnastik am Ger\u00e4t der vielversprechendste Therapieansatz ist, so z.B. nach Operationen, Verletzungen oder chronischen Beschwerden des Bewegungsapparates.<\/p>\n<p>Nach einer ausf\u00fchrlichen Analyse erstellen wir einen individuellen Trainingsplan f\u00fcr Sie. Ziel der&nbsp;ger\u00e4tegest\u00fctzten Krankengymnastik ist es, neben dem Aufbau von Kraft und Ausdauer auch eine Verbesserung von Koordination und Flexibilit\u00e4t der betroffenen K\u00f6rperbereiche zu erreichen.<\/p>\n<p>Die in unserer Praxis zur Anwendung kommenden Ger\u00e4te werden unter strikter Beachtung der Trainingslehre prim\u00e4r zu Zwecken der Rehabilitation eingesetzt. Wir erreichen so eine gezielte Verbesserung der Muskelfunktionen unter Einbezug des zugeh\u00f6rigen St\u00fctzgewebes (der Faszien) sowie der assoziierten Gelenke. Als Ergebnis steht idealerweise das Erlangen einer normalen Beweglichkeit und Belastbarkeit der betreffenden Strukturen des Patienten und der beschwerdefreien Gestaltung des Alltages.<\/p>\n<div id=\"attachment_720\" style=\"width: 210px\" class=\"wp-caption alignleft\"><a href=\"http:\/\/krankengymnastik-flensburg.de\/physio\/wp-content\/uploads\/2019\/04\/IMG_1670-e1556006426378.jpg\"><img aria-describedby=\"caption-attachment-720\" loading=\"lazy\" class=\"wp-image-720 size-medium\" src=\"http:\/\/krankengymnastik-flensburg.de\/physio\/wp-content\/uploads\/2019\/04\/IMG_1670-e1556006426378-200x300.jpg\" alt=\"\" width=\"200\" height=\"300\" srcset=\"http:\/\/krankengymnastik-flensburg.de\/physio\/wp-content\/uploads\/2019\/04\/IMG_1670-e1556006426378-200x300.jpg 200w, http:\/\/krankengymnastik-flensburg.de\/physio\/wp-content\/uploads\/2019\/04\/IMG_1670-e1556006426378-768x1152.jpg 768w, http:\/\/krankengymnastik-flensburg.de\/physio\/wp-content\/uploads\/2019\/04\/IMG_1670-e1556006426378-683x1024.jpg 683w\" sizes=\"(max-width: 200px) 100vw, 200px\" \/><\/a><p id=\"caption-attachment-720\" class=\"wp-caption-text\">Ger\u00e4te im Trainingsraum<\/p><\/div>\n<div id=\"attachment_718\" style=\"width: 210px\" class=\"wp-caption alignleft\"><a href=\"http:\/\/krankengymnastik-flensburg.de\/physio\/wp-content\/uploads\/2019\/04\/IMG_1668-e1556006450863.jpg\"><img aria-describedby=\"caption-attachment-718\" loading=\"lazy\" class=\"wp-image-718 size-medium\" src=\"http:\/\/krankengymnastik-flensburg.de\/physio\/wp-content\/uploads\/2019\/04\/IMG_1668-e1556006450863-200x300.jpg\" alt=\"\" width=\"200\" height=\"300\" srcset=\"http:\/\/krankengymnastik-flensburg.de\/physio\/wp-content\/uploads\/2019\/04\/IMG_1668-e1556006450863-200x300.jpg 200w, http:\/\/krankengymnastik-flensburg.de\/physio\/wp-content\/uploads\/2019\/04\/IMG_1668-e1556006450863-768x1152.jpg 768w, http:\/\/krankengymnastik-flensburg.de\/physio\/wp-content\/uploads\/2019\/04\/IMG_1668-e1556006450863-683x1024.jpg 683w\" sizes=\"(max-width: 200px) 100vw, 200px\" \/><\/a><p id=\"caption-attachment-718\" class=\"wp-caption-text\">Ger\u00e4te im Trainigsraum<\/p><\/div>\n<div id=\"attachment_717\" style=\"width: 210px\" class=\"wp-caption alignleft\"><a href=\"http:\/\/krankengymnastik-flensburg.de\/physio\/wp-content\/uploads\/2019\/04\/IMG_1667-e1556006475105.jpg\"><img aria-describedby=\"caption-attachment-717\" loading=\"lazy\" class=\"wp-image-717 size-medium\" src=\"http:\/\/krankengymnastik-flensburg.de\/physio\/wp-content\/uploads\/2019\/04\/IMG_1667-e1556006475105-200x300.jpg\" alt=\"\" width=\"200\" height=\"300\" srcset=\"http:\/\/krankengymnastik-flensburg.de\/physio\/wp-content\/uploads\/2019\/04\/IMG_1667-e1556006475105-200x300.jpg 200w, http:\/\/krankengymnastik-flensburg.de\/physio\/wp-content\/uploads\/2019\/04\/IMG_1667-e1556006475105-768x1152.jpg 768w, http:\/\/krankengymnastik-flensburg.de\/physio\/wp-content\/uploads\/2019\/04\/IMG_1667-e1556006475105-683x1024.jpg 683w\" sizes=\"(max-width: 200px) 100vw, 200px\" \/><\/a><p id=\"caption-attachment-717\" class=\"wp-caption-text\">Ger\u00e4te im Trainingsraum<\/p><\/div>\n","protected":false},"excerpt":{"rendered":"<p class=\"excerpt\">Ger\u00e4tegest\u00fctzte Krankengymnastik Viele krankengymnastische Methoden, wie z.B. die Techniken der manuellen Therapie,&nbsp; kommen ohne Ger\u00e4teunterst\u00fctzung zur Anwendung. Es gibt aber durchaus Situationen, in denen die Krankengymnastik am Ger\u00e4t der vielversprechendste Therapieansatz ist, so z.B. nach Operationen, Verletzungen oder chronischen Beschwerden des Bewegungsapparates. Nach einer ausf\u00fchrlichen Analyse erstellen wir einen individuellen Trainingsplan f\u00fcr Sie. Ziel der&nbsp;ger\u00e4tegest\u00fctzten Krankengymnastik ist es, neben dem&hellip; <a href=\"http:\/\/krankengymnastik-flensburg.de\/physio\/krankengymnastik-am-geraet\/\">weiterlesen &rarr;<\/a><\/p>\n","protected":false},"author":1,"featured_media":0,"parent":0,"menu_order":0,"comment_status":"closed","ping_status":"closed","template":"","meta":[],"yoast_head":"<!-- This site is optimized with the Yoast SEO plugin v17.1 - https:\/\/yoast.com\/wordpress\/plugins\/seo\/ -->\n<meta name=\"description\" content=\"In unserer Praxis kommen modernste Ger\u00e4te zum Einsatz, welche die klassische Krankengymnastik erg\u00e4nzen.\" \/>\n<meta name=\"robots\" content=\"index, follow, max-snippet:-1, max-image-preview:large, max-video-preview:-1\" \/>\n<link rel=\"canonical\" href=\"http:\/\/krankengymnastik-flensburg.de\/physio\/krankengymnastik-am-geraet\/\" \/>\n<meta property=\"og:locale\" content=\"de_DE\" \/>\n<meta property=\"og:type\" content=\"article\" \/>\n<meta property=\"og:title\" content=\"Krankengymnastik am Ger\u00e4t (KGG) - Physiotherapie Gorm Larsen\" \/>\n<meta property=\"og:description\" content=\"In unserer Praxis kommen modernste Ger\u00e4te zum Einsatz, welche die klassische Krankengymnastik erg\u00e4nzen.\" \/>\n<meta property=\"og:url\" content=\"http:\/\/krankengymnastik-flensburg.de\/physio\/krankengymnastik-am-geraet\/\" \/>\n<meta property=\"og:site_name\" content=\"Physiotherapie Gorm Larsen\" \/>\n<meta property=\"article:modified_time\" content=\"2019-04-24T07:24:21+00:00\" \/>\n<meta property=\"og:image\" content=\"http:\/\/krankengymnastik-flensburg.de\/physio\/wp-content\/uploads\/2019\/04\/krankengymnastik-am-geraet-300x200.jpg\" \/>\n<meta name=\"twitter:label1\" content=\"Gesch\u00e4tzte Lesezeit\" \/>\n\t<meta name=\"twitter:data1\" content=\"1\u00a0Minute\" \/>\n<script type=\"application\/ld+json\" class=\"yoast-schema-graph\">{\"@context\":\"https:\/\/schema.org\",\"@graph\":[{\"@type\":\"WebSite\",\"@id\":\"http:\/\/krankengymnastik-flensburg.de\/physio\/#website\",\"url\":\"http:\/\/krankengymnastik-flensburg.de\/physio\/\",\"name\":\"Physiotherapie Gorm Larsen\",\"description\":\"Krankengymnastik Flensburg\",\"potentialAction\":[{\"@type\":\"SearchAction\",\"target\":{\"@type\":\"EntryPoint\",\"urlTemplate\":\"http:\/\/krankengymnastik-flensburg.de\/physio\/?s={search_term_string}\"},\"query-input\":\"required name=search_term_string\"}],\"inLanguage\":\"de\"},{\"@type\":\"ImageObject\",\"@id\":\"http:\/\/krankengymnastik-flensburg.de\/physio\/krankengymnastik-am-geraet\/#primaryimage\",\"inLanguage\":\"de\",\"url\":\"http:\/\/krankengymnastik-flensburg.de\/physio\/wp-content\/uploads\/2019\/04\/krankengymnastik-am-geraet-300x200.jpg\",\"contentUrl\":\"http:\/\/krankengymnastik-flensburg.de\/physio\/wp-content\/uploads\/2019\/04\/krankengymnastik-am-geraet-300x200.jpg\"},{\"@type\":\"WebPage\",\"@id\":\"http:\/\/krankengymnastik-flensburg.de\/physio\/krankengymnastik-am-geraet\/#webpage\",\"url\":\"http:\/\/krankengymnastik-flensburg.de\/physio\/krankengymnastik-am-geraet\/\",\"name\":\"Krankengymnastik am Ger\\u00e4t (KGG) - Physiotherapie Gorm Larsen\",\"isPartOf\":{\"@id\":\"http:\/\/krankengymnastik-flensburg.de\/physio\/#website\"},\"primaryImageOfPage\":{\"@id\":\"http:\/\/krankengymnastik-flensburg.de\/physio\/krankengymnastik-am-geraet\/#primaryimage\"},\"datePublished\":\"2014-08-20T14:43:52+00:00\",\"dateModified\":\"2019-04-24T07:24:21+00:00\",\"description\":\"In unserer Praxis kommen modernste Ger\\u00e4te zum Einsatz, welche die klassische Krankengymnastik erg\\u00e4nzen.\",\"breadcrumb\":{\"@id\":\"http:\/\/krankengymnastik-flensburg.de\/physio\/krankengymnastik-am-geraet\/#breadcrumb\"},\"inLanguage\":\"de\",\"potentialAction\":[{\"@type\":\"ReadAction\",\"target\":[\"http:\/\/krankengymnastik-flensburg.de\/physio\/krankengymnastik-am-geraet\/\"]}]},{\"@type\":\"BreadcrumbList\",\"@id\":\"http:\/\/krankengymnastik-flensburg.de\/physio\/krankengymnastik-am-geraet\/#breadcrumb\",\"itemListElement\":[{\"@type\":\"ListItem\",\"position\":1,\"name\":\"Home\",\"item\":\"http:\/\/krankengymnastik-flensburg.de\/physio\/\"},{\"@type\":\"ListItem\",\"position\":2,\"name\":\"Krankengymnastik am Ger\\u00e4t (KGG)\"}]}]}<\/script>\n<!-- \/ Yoast SEO plugin. -->","yoast_head_json":{"description":"In unserer Praxis kommen modernste Ger\u00e4te zum Einsatz, welche die klassische Krankengymnastik erg\u00e4nzen.","robots":{"index":"index","follow":"follow","max-snippet":"max-snippet:-1","max-image-preview":"max-image-preview:large","max-video-preview":"max-video-preview:-1"},"canonical":"http:\/\/krankengymnastik-flensburg.de\/physio\/krankengymnastik-am-geraet\/","og_locale":"de_DE","og_type":"article","og_title":"Krankengymnastik am Ger\u00e4t (KGG) - Physiotherapie Gorm Larsen","og_description":"In unserer Praxis kommen modernste Ger\u00e4te zum Einsatz, welche die klassische Krankengymnastik erg\u00e4nzen.","og_url":"http:\/\/krankengymnastik-flensburg.de\/physio\/krankengymnastik-am-geraet\/","og_site_name":"Physiotherapie Gorm Larsen","article_modified_time":"2019-04-24T07:24:21+00:00","og_image":[{"url":"http:\/\/krankengymnastik-flensburg.de\/physio\/wp-content\/uploads\/2019\/04\/krankengymnastik-am-geraet-300x200.jpg"}],"twitter_misc":{"Gesch\u00e4tzte Lesezeit":"1\u00a0Minute"},"schema":{"@context":"https:\/\/schema.org","@graph":[{"@type":"WebSite","@id":"http:\/\/krankengymnastik-flensburg.de\/physio\/#website","url":"http:\/\/krankengymnastik-flensburg.de\/physio\/","name":"Physiotherapie Gorm Larsen","description":"Krankengymnastik Flensburg","potentialAction":[{"@type":"SearchAction","target":{"@type":"EntryPoint","urlTemplate":"http:\/\/krankengymnastik-flensburg.de\/physio\/?s={search_term_string}"},"query-input":"required name=search_term_string"}],"inLanguage":"de"},{"@type":"ImageObject","@id":"http:\/\/krankengymnastik-flensburg.de\/physio\/krankengymnastik-am-geraet\/#primaryimage","inLanguage":"de","url":"http:\/\/krankengymnastik-flensburg.de\/physio\/wp-content\/uploads\/2019\/04\/krankengymnastik-am-geraet-300x200.jpg","contentUrl":"http:\/\/krankengymnastik-flensburg.de\/physio\/wp-content\/uploads\/2019\/04\/krankengymnastik-am-geraet-300x200.jpg"},{"@type":"WebPage","@id":"http:\/\/krankengymnastik-flensburg.de\/physio\/krankengymnastik-am-geraet\/#webpage","url":"http:\/\/krankengymnastik-flensburg.de\/physio\/krankengymnastik-am-geraet\/","name":"Krankengymnastik am Ger\u00e4t (KGG) - Physiotherapie Gorm Larsen","isPartOf":{"@id":"http:\/\/krankengymnastik-flensburg.de\/physio\/#website"},"primaryImageOfPage":{"@id":"http:\/\/krankengymnastik-flensburg.de\/physio\/krankengymnastik-am-geraet\/#primaryimage"},"datePublished":"2014-08-20T14:43:52+00:00","dateModified":"2019-04-24T07:24:21+00:00","description":"In unserer Praxis kommen modernste Ger\u00e4te zum Einsatz, welche die klassische Krankengymnastik erg\u00e4nzen.","breadcrumb":{"@id":"http:\/\/krankengymnastik-flensburg.de\/physio\/krankengymnastik-am-geraet\/#breadcrumb"},"inLanguage":"de","potentialAction":[{"@type":"ReadAction","target":["http:\/\/krankengymnastik-flensburg.de\/physio\/krankengymnastik-am-geraet\/"]}]},{"@type":"BreadcrumbList","@id":"http:\/\/krankengymnastik-flensburg.de\/physio\/krankengymnastik-am-geraet\/#breadcrumb","itemListElement":[{"@type":"ListItem","position":1,"name":"Home","item":"http:\/\/krankengymnastik-flensburg.de\/physio\/"},{"@type":"ListItem","position":2,"name":"Krankengymnastik am Ger\u00e4t (KGG)"}]}]}},"_links":{"self":[{"href":"http:\/\/krankengymnastik-flensburg.de\/physio\/wp-json\/wp\/v2\/pages\/40"}],"collection":[{"href":"http:\/\/krankengymnastik-flensburg.de\/physio\/wp-json\/wp\/v2\/pages"}],"about":[{"href":"http:\/\/krankengymnastik-flensburg.de\/physio\/wp-json\/wp\/v2\/types\/page"}],"author":[{"embeddable":true,"href":"http:\/\/krankengymnastik-flensburg.de\/physio\/wp-json\/wp\/v2\/users\/1"}],"replies":[{"embeddable":true,"href":"http:\/\/krankengymnastik-flensburg.de\/physio\/wp-json\/wp\/v2\/comments?post=40"}],"version-history":[{"count":28,"href":"http:\/\/krankengymnastik-flensburg.de\/physio\/wp-json\/wp\/v2\/pages\/40\/revisions"}],"predecessor-version":[{"id":845,"href":"http:\/\/krankengymnastik-flensburg.de\/physio\/wp-json\/wp\/v2\/pages\/40\/revisions\/845"}],"wp:attachment":[{"href":"http:\/\/krankengymnastik-flensburg.de\/physio\/wp-json\/wp\/v2\/media?parent=40"}],"curies":[{"name":"wp","href":"https:\/\/api.w.org\/{rel}","templated":true}]}}