{"id":596,"date":"2015-01-26T11:28:08","date_gmt":"2015-01-26T09:28:08","guid":{"rendered":"http:\/\/krankengymnastik-flensburg.de\/physio\/?page_id=596"},"modified":"2015-01-26T11:28:08","modified_gmt":"2015-01-26T09:28:08","slug":"craniosacrale-therapie","status":"publish","type":"page","link":"http:\/\/krankengymnastik-flensburg.de\/physio\/craniosacrale-therapie\/","title":{"rendered":"Craniosacrale Therapie"},"content":{"rendered":"<p>Die Behandlung in der der craniosacralen Therapie erfolgt mit sehr sanfter Ber\u00fchrung. Das sogenannte craniosacrale System, also das &#8222;Cranium&#8220;: Sch\u00e4del und das &#8222;Sacrum&#8220;: Kreuzbein besteht aus: Sch\u00e4delknochen, Kreuzbein, Hirn- und R\u00fcckenmarksh\u00e4uten und der R\u00fcckenmarksfl\u00fcssigkeit sowie bindegewebigen\u00a0Strukturen, die damit verbunden sind.<\/p>\n<p>An jeder\u00a0Stelle des K\u00f6rpers ist die Bewegung des craniosacralen Systems f\u00fchlbar.<\/p>\n<p>W\u00e4hrend der Behandlung wird das System von Einschr\u00e4nkungen vorsichtig gel\u00f6st, wodurch die nat\u00fcrlichen Heilmechanismen des K\u00f6rpers stimuliert werden, um so das funktionelle Verm\u00f6gen des zentralen Nervensystems zu steigern, die durch Stress entstandenen Auswirkungen entschwinden zu lassen und den Widerstand gegen Krankheiten zu st\u00e4rken.<\/p>\n<p>Man f\u00fchlt sich nach einer craniosacralen Behandlung auch tief entspannt.<\/p>\n<p>Bei Problemen der Kiefergelenke, Kopfschmerzen, Wirbels\u00e4ulenbeschwerden, Tinnitus, Stress und neurologischen Beschwerden, erlangt man mit der craniosacralen Therapie oft\u00a0gute Erfolge.<\/p>\n<p>&nbsp;<\/p>\n<p>&nbsp;<\/p>\n<p>&nbsp;<\/p>\n<p>&nbsp;<\/p>\n<p>&nbsp;<\/p>\n<p>&nbsp;<\/p>\n<p>&nbsp;<\/p>\n","protected":false},"excerpt":{"rendered":"<p class=\"excerpt\">Die Behandlung in der der craniosacralen Therapie erfolgt mit sehr sanfter Ber\u00fchrung. Das sogenannte craniosacrale System, also das &#8222;Cranium&#8220;: Sch\u00e4del und das &#8222;Sacrum&#8220;: Kreuzbein besteht aus: Sch\u00e4delknochen, Kreuzbein, Hirn- und R\u00fcckenmarksh\u00e4uten und der R\u00fcckenmarksfl\u00fcssigkeit sowie bindegewebigen\u00a0Strukturen, die damit verbunden sind. An jeder\u00a0Stelle des K\u00f6rpers ist die Bewegung des craniosacralen Systems f\u00fchlbar. W\u00e4hrend der Behandlung wird das System von Einschr\u00e4nkungen vorsichtig&hellip; <a href=\"http:\/\/krankengymnastik-flensburg.de\/physio\/craniosacrale-therapie\/\">weiterlesen &rarr;<\/a><\/p>\n","protected":false},"author":2,"featured_media":0,"parent":0,"menu_order":0,"comment_status":"closed","ping_status":"closed","template":"","meta":[],"yoast_head":"<!-- This site is optimized with the Yoast SEO plugin v17.1 - https:\/\/yoast.com\/wordpress\/plugins\/seo\/ -->\n<meta name=\"robots\" content=\"index, follow, max-snippet:-1, max-image-preview:large, max-video-preview:-1\" \/>\n<link rel=\"canonical\" href=\"http:\/\/krankengymnastik-flensburg.de\/physio\/craniosacrale-therapie\/\" \/>\n<meta property=\"og:locale\" content=\"de_DE\" \/>\n<meta property=\"og:type\" content=\"article\" \/>\n<meta property=\"og:title\" content=\"Craniosacrale Therapie - Physiotherapie Gorm Larsen\" \/>\n<meta property=\"og:description\" content=\"Die Behandlung in der der craniosacralen Therapie erfolgt mit sehr sanfter Ber\u00fchrung. Das sogenannte craniosacrale System, also das &#8222;Cranium&#8220;: Sch\u00e4del und das &#8222;Sacrum&#8220;: Kreuzbein besteht aus: Sch\u00e4delknochen, Kreuzbein, Hirn- und R\u00fcckenmarksh\u00e4uten und der R\u00fcckenmarksfl\u00fcssigkeit sowie bindegewebigen\u00a0Strukturen, die damit verbunden sind. An jeder\u00a0Stelle des K\u00f6rpers ist die Bewegung des craniosacralen Systems f\u00fchlbar. W\u00e4hrend der Behandlung wird das System von Einschr\u00e4nkungen vorsichtig&hellip; weiterlesen &rarr;\" \/>\n<meta property=\"og:url\" content=\"http:\/\/krankengymnastik-flensburg.de\/physio\/craniosacrale-therapie\/\" \/>\n<meta property=\"og:site_name\" content=\"Physiotherapie Gorm Larsen\" \/>\n<meta name=\"twitter:label1\" content=\"Gesch\u00e4tzte Lesezeit\" \/>\n\t<meta name=\"twitter:data1\" content=\"1\u00a0Minute\" \/>\n<script type=\"application\/ld+json\" class=\"yoast-schema-graph\">{\"@context\":\"https:\/\/schema.org\",\"@graph\":[{\"@type\":\"WebSite\",\"@id\":\"http:\/\/krankengymnastik-flensburg.de\/physio\/#website\",\"url\":\"http:\/\/krankengymnastik-flensburg.de\/physio\/\",\"name\":\"Physiotherapie Gorm Larsen\",\"description\":\"Krankengymnastik Flensburg\",\"potentialAction\":[{\"@type\":\"SearchAction\",\"target\":{\"@type\":\"EntryPoint\",\"urlTemplate\":\"http:\/\/krankengymnastik-flensburg.de\/physio\/?s={search_term_string}\"},\"query-input\":\"required name=search_term_string\"}],\"inLanguage\":\"de\"},{\"@type\":\"WebPage\",\"@id\":\"http:\/\/krankengymnastik-flensburg.de\/physio\/craniosacrale-therapie\/#webpage\",\"url\":\"http:\/\/krankengymnastik-flensburg.de\/physio\/craniosacrale-therapie\/\",\"name\":\"Craniosacrale Therapie - Physiotherapie Gorm Larsen\",\"isPartOf\":{\"@id\":\"http:\/\/krankengymnastik-flensburg.de\/physio\/#website\"},\"datePublished\":\"2015-01-26T09:28:08+00:00\",\"dateModified\":\"2015-01-26T09:28:08+00:00\",\"breadcrumb\":{\"@id\":\"http:\/\/krankengymnastik-flensburg.de\/physio\/craniosacrale-therapie\/#breadcrumb\"},\"inLanguage\":\"de\",\"potentialAction\":[{\"@type\":\"ReadAction\",\"target\":[\"http:\/\/krankengymnastik-flensburg.de\/physio\/craniosacrale-therapie\/\"]}]},{\"@type\":\"BreadcrumbList\",\"@id\":\"http:\/\/krankengymnastik-flensburg.de\/physio\/craniosacrale-therapie\/#breadcrumb\",\"itemListElement\":[{\"@type\":\"ListItem\",\"position\":1,\"name\":\"Home\",\"item\":\"http:\/\/krankengymnastik-flensburg.de\/physio\/\"},{\"@type\":\"ListItem\",\"position\":2,\"name\":\"Craniosacrale Therapie\"}]}]}<\/script>\n<!-- \/ Yoast SEO plugin. -->","yoast_head_json":{"robots":{"index":"index","follow":"follow","max-snippet":"max-snippet:-1","max-image-preview":"max-image-preview:large","max-video-preview":"max-video-preview:-1"},"canonical":"http:\/\/krankengymnastik-flensburg.de\/physio\/craniosacrale-therapie\/","og_locale":"de_DE","og_type":"article","og_title":"Craniosacrale Therapie - Physiotherapie Gorm Larsen","og_description":"Die Behandlung in der der craniosacralen Therapie erfolgt mit sehr sanfter Ber\u00fchrung. Das sogenannte craniosacrale System, also das &#8222;Cranium&#8220;: Sch\u00e4del und das &#8222;Sacrum&#8220;: Kreuzbein besteht aus: Sch\u00e4delknochen, Kreuzbein, Hirn- und R\u00fcckenmarksh\u00e4uten und der R\u00fcckenmarksfl\u00fcssigkeit sowie bindegewebigen\u00a0Strukturen, die damit verbunden sind. An jeder\u00a0Stelle des K\u00f6rpers ist die Bewegung des craniosacralen Systems f\u00fchlbar. W\u00e4hrend der Behandlung wird das System von Einschr\u00e4nkungen vorsichtig&hellip; weiterlesen &rarr;","og_url":"http:\/\/krankengymnastik-flensburg.de\/physio\/craniosacrale-therapie\/","og_site_name":"Physiotherapie Gorm Larsen","twitter_misc":{"Gesch\u00e4tzte Lesezeit":"1\u00a0Minute"},"schema":{"@context":"https:\/\/schema.org","@graph":[{"@type":"WebSite","@id":"http:\/\/krankengymnastik-flensburg.de\/physio\/#website","url":"http:\/\/krankengymnastik-flensburg.de\/physio\/","name":"Physiotherapie Gorm Larsen","description":"Krankengymnastik Flensburg","potentialAction":[{"@type":"SearchAction","target":{"@type":"EntryPoint","urlTemplate":"http:\/\/krankengymnastik-flensburg.de\/physio\/?s={search_term_string}"},"query-input":"required name=search_term_string"}],"inLanguage":"de"},{"@type":"WebPage","@id":"http:\/\/krankengymnastik-flensburg.de\/physio\/craniosacrale-therapie\/#webpage","url":"http:\/\/krankengymnastik-flensburg.de\/physio\/craniosacrale-therapie\/","name":"Craniosacrale Therapie - Physiotherapie Gorm Larsen","isPartOf":{"@id":"http:\/\/krankengymnastik-flensburg.de\/physio\/#website"},"datePublished":"2015-01-26T09:28:08+00:00","dateModified":"2015-01-26T09:28:08+00:00","breadcrumb":{"@id":"http:\/\/krankengymnastik-flensburg.de\/physio\/craniosacrale-therapie\/#breadcrumb"},"inLanguage":"de","potentialAction":[{"@type":"ReadAction","target":["http:\/\/krankengymnastik-flensburg.de\/physio\/craniosacrale-therapie\/"]}]},{"@type":"BreadcrumbList","@id":"http:\/\/krankengymnastik-flensburg.de\/physio\/craniosacrale-therapie\/#breadcrumb","itemListElement":[{"@type":"ListItem","position":1,"name":"Home","item":"http:\/\/krankengymnastik-flensburg.de\/physio\/"},{"@type":"ListItem","position":2,"name":"Craniosacrale Therapie"}]}]}},"_links":{"self":[{"href":"http:\/\/krankengymnastik-flensburg.de\/physio\/wp-json\/wp\/v2\/pages\/596"}],"collection":[{"href":"http:\/\/krankengymnastik-flensburg.de\/physio\/wp-json\/wp\/v2\/pages"}],"about":[{"href":"http:\/\/krankengymnastik-flensburg.de\/physio\/wp-json\/wp\/v2\/types\/page"}],"author":[{"embeddable":true,"href":"http:\/\/krankengymnastik-flensburg.de\/physio\/wp-json\/wp\/v2\/users\/2"}],"replies":[{"embeddable":true,"href":"http:\/\/krankengymnastik-flensburg.de\/physio\/wp-json\/wp\/v2\/comments?post=596"}],"version-history":[{"count":4,"href":"http:\/\/krankengymnastik-flensburg.de\/physio\/wp-json\/wp\/v2\/pages\/596\/revisions"}],"predecessor-version":[{"id":695,"href":"http:\/\/krankengymnastik-flensburg.de\/physio\/wp-json\/wp\/v2\/pages\/596\/revisions\/695"}],"wp:attachment":[{"href":"http:\/\/krankengymnastik-flensburg.de\/physio\/wp-json\/wp\/v2\/media?parent=596"}],"curies":[{"name":"wp","href":"https:\/\/api.w.org\/{rel}","templated":true}]}}