{"id":77,"date":"2014-08-28T11:40:04","date_gmt":"2014-08-28T09:40:04","guid":{"rendered":"http:\/\/krankengymnastik-flensburg.de\/cms\/?page_id=77"},"modified":"2015-01-26T11:31:10","modified_gmt":"2015-01-26T09:31:10","slug":"fangopackungen","status":"publish","type":"page","link":"http:\/\/krankengymnastik-flensburg.de\/physio\/fangopackungen\/","title":{"rendered":"Infrarotlicht-Bestrahlung (WT)"},"content":{"rendered":"<h2>Wohltuende W\u00e4rme<\/h2>\n<p>Die Behandlung mittels Infrarotlicht nutzt den langwelligen, infraroten Teil des Strahlungsspektrums, welcher eine prim\u00e4re Erw\u00e4rmung der Haut und oberen Gewebeschichten bewirkt. Bei l\u00e4ngerer, kontrollierter Einwirkdauer kommt es zu einer Erw\u00e4rmung auch tieferliegender K\u00f6rperregionen, so das z.B. auch Gelenksymptomatiken behandelt werden k\u00f6nnen.<\/p>\n<p>Zur Anwendung kommt die W\u00e4rmebehandlung mittels Infrarotlicht u.a. bei Muskelverspannungen, Hexenschuss, Rheuma. Sie wird in der Physiotherapie oft in Verbindung mit anderen Methoden, z.B. der Massage, der Krankengymnastik oder der manuellen Therapie, angewandt.<\/p>\n<p>Die Bestrahlungszeit liegt bei 15 bis 20 Minuten.<\/p>\n","protected":false},"excerpt":{"rendered":"<p class=\"excerpt\">Wohltuende W\u00e4rme Die Behandlung mittels Infrarotlicht nutzt den langwelligen, infraroten Teil des Strahlungsspektrums, welcher eine prim\u00e4re Erw\u00e4rmung der Haut und oberen Gewebeschichten bewirkt. Bei l\u00e4ngerer, kontrollierter Einwirkdauer kommt es zu einer Erw\u00e4rmung auch tieferliegender K\u00f6rperregionen, so das z.B. auch Gelenksymptomatiken behandelt werden k\u00f6nnen. Zur Anwendung kommt die W\u00e4rmebehandlung mittels Infrarotlicht u.a. bei Muskelverspannungen, Hexenschuss, Rheuma. Sie wird in der Physiotherapie&hellip; <a href=\"http:\/\/krankengymnastik-flensburg.de\/physio\/fangopackungen\/\">weiterlesen &rarr;<\/a><\/p>\n","protected":false},"author":1,"featured_media":0,"parent":0,"menu_order":0,"comment_status":"closed","ping_status":"closed","template":"","meta":[],"yoast_head":"<!-- This site is optimized with the Yoast SEO plugin v17.1 - https:\/\/yoast.com\/wordpress\/plugins\/seo\/ -->\n<meta name=\"robots\" content=\"index, follow, max-snippet:-1, max-image-preview:large, max-video-preview:-1\" \/>\n<link rel=\"canonical\" href=\"http:\/\/krankengymnastik-flensburg.de\/physio\/fangopackungen\/\" \/>\n<meta property=\"og:locale\" content=\"de_DE\" \/>\n<meta property=\"og:type\" content=\"article\" \/>\n<meta property=\"og:title\" content=\"Infrarotlicht-Bestrahlung (WT) - Physiotherapie Gorm Larsen\" \/>\n<meta property=\"og:description\" content=\"Wohltuende W\u00e4rme Die Behandlung mittels Infrarotlicht nutzt den langwelligen, infraroten Teil des Strahlungsspektrums, welcher eine prim\u00e4re Erw\u00e4rmung der Haut und oberen Gewebeschichten bewirkt. Bei l\u00e4ngerer, kontrollierter Einwirkdauer kommt es zu einer Erw\u00e4rmung auch tieferliegender K\u00f6rperregionen, so das z.B. auch Gelenksymptomatiken behandelt werden k\u00f6nnen. Zur Anwendung kommt die W\u00e4rmebehandlung mittels Infrarotlicht u.a. bei Muskelverspannungen, Hexenschuss, Rheuma. Sie wird in der Physiotherapie&hellip; weiterlesen &rarr;\" \/>\n<meta property=\"og:url\" content=\"http:\/\/krankengymnastik-flensburg.de\/physio\/fangopackungen\/\" \/>\n<meta property=\"og:site_name\" content=\"Physiotherapie Gorm Larsen\" \/>\n<meta property=\"article:modified_time\" content=\"2015-01-26T09:31:10+00:00\" \/>\n<script type=\"application\/ld+json\" class=\"yoast-schema-graph\">{\"@context\":\"https:\/\/schema.org\",\"@graph\":[{\"@type\":\"WebSite\",\"@id\":\"http:\/\/krankengymnastik-flensburg.de\/physio\/#website\",\"url\":\"http:\/\/krankengymnastik-flensburg.de\/physio\/\",\"name\":\"Physiotherapie Gorm Larsen\",\"description\":\"Krankengymnastik Flensburg\",\"potentialAction\":[{\"@type\":\"SearchAction\",\"target\":{\"@type\":\"EntryPoint\",\"urlTemplate\":\"http:\/\/krankengymnastik-flensburg.de\/physio\/?s={search_term_string}\"},\"query-input\":\"required name=search_term_string\"}],\"inLanguage\":\"de\"},{\"@type\":\"WebPage\",\"@id\":\"http:\/\/krankengymnastik-flensburg.de\/physio\/fangopackungen\/#webpage\",\"url\":\"http:\/\/krankengymnastik-flensburg.de\/physio\/fangopackungen\/\",\"name\":\"Infrarotlicht-Bestrahlung (WT) - Physiotherapie Gorm Larsen\",\"isPartOf\":{\"@id\":\"http:\/\/krankengymnastik-flensburg.de\/physio\/#website\"},\"datePublished\":\"2014-08-28T09:40:04+00:00\",\"dateModified\":\"2015-01-26T09:31:10+00:00\",\"breadcrumb\":{\"@id\":\"http:\/\/krankengymnastik-flensburg.de\/physio\/fangopackungen\/#breadcrumb\"},\"inLanguage\":\"de\",\"potentialAction\":[{\"@type\":\"ReadAction\",\"target\":[\"http:\/\/krankengymnastik-flensburg.de\/physio\/fangopackungen\/\"]}]},{\"@type\":\"BreadcrumbList\",\"@id\":\"http:\/\/krankengymnastik-flensburg.de\/physio\/fangopackungen\/#breadcrumb\",\"itemListElement\":[{\"@type\":\"ListItem\",\"position\":1,\"name\":\"Home\",\"item\":\"http:\/\/krankengymnastik-flensburg.de\/physio\/\"},{\"@type\":\"ListItem\",\"position\":2,\"name\":\"Infrarotlicht-Bestrahlung (WT)\"}]}]}<\/script>\n<!-- \/ Yoast SEO plugin. -->","yoast_head_json":{"robots":{"index":"index","follow":"follow","max-snippet":"max-snippet:-1","max-image-preview":"max-image-preview:large","max-video-preview":"max-video-preview:-1"},"canonical":"http:\/\/krankengymnastik-flensburg.de\/physio\/fangopackungen\/","og_locale":"de_DE","og_type":"article","og_title":"Infrarotlicht-Bestrahlung (WT) - Physiotherapie Gorm Larsen","og_description":"Wohltuende W\u00e4rme Die Behandlung mittels Infrarotlicht nutzt den langwelligen, infraroten Teil des Strahlungsspektrums, welcher eine prim\u00e4re Erw\u00e4rmung der Haut und oberen Gewebeschichten bewirkt. Bei l\u00e4ngerer, kontrollierter Einwirkdauer kommt es zu einer Erw\u00e4rmung auch tieferliegender K\u00f6rperregionen, so das z.B. auch Gelenksymptomatiken behandelt werden k\u00f6nnen. Zur Anwendung kommt die W\u00e4rmebehandlung mittels Infrarotlicht u.a. bei Muskelverspannungen, Hexenschuss, Rheuma. Sie wird in der Physiotherapie&hellip; weiterlesen &rarr;","og_url":"http:\/\/krankengymnastik-flensburg.de\/physio\/fangopackungen\/","og_site_name":"Physiotherapie Gorm Larsen","article_modified_time":"2015-01-26T09:31:10+00:00","schema":{"@context":"https:\/\/schema.org","@graph":[{"@type":"WebSite","@id":"http:\/\/krankengymnastik-flensburg.de\/physio\/#website","url":"http:\/\/krankengymnastik-flensburg.de\/physio\/","name":"Physiotherapie Gorm Larsen","description":"Krankengymnastik Flensburg","potentialAction":[{"@type":"SearchAction","target":{"@type":"EntryPoint","urlTemplate":"http:\/\/krankengymnastik-flensburg.de\/physio\/?s={search_term_string}"},"query-input":"required name=search_term_string"}],"inLanguage":"de"},{"@type":"WebPage","@id":"http:\/\/krankengymnastik-flensburg.de\/physio\/fangopackungen\/#webpage","url":"http:\/\/krankengymnastik-flensburg.de\/physio\/fangopackungen\/","name":"Infrarotlicht-Bestrahlung (WT) - Physiotherapie Gorm Larsen","isPartOf":{"@id":"http:\/\/krankengymnastik-flensburg.de\/physio\/#website"},"datePublished":"2014-08-28T09:40:04+00:00","dateModified":"2015-01-26T09:31:10+00:00","breadcrumb":{"@id":"http:\/\/krankengymnastik-flensburg.de\/physio\/fangopackungen\/#breadcrumb"},"inLanguage":"de","potentialAction":[{"@type":"ReadAction","target":["http:\/\/krankengymnastik-flensburg.de\/physio\/fangopackungen\/"]}]},{"@type":"BreadcrumbList","@id":"http:\/\/krankengymnastik-flensburg.de\/physio\/fangopackungen\/#breadcrumb","itemListElement":[{"@type":"ListItem","position":1,"name":"Home","item":"http:\/\/krankengymnastik-flensburg.de\/physio\/"},{"@type":"ListItem","position":2,"name":"Infrarotlicht-Bestrahlung (WT)"}]}]}},"_links":{"self":[{"href":"http:\/\/krankengymnastik-flensburg.de\/physio\/wp-json\/wp\/v2\/pages\/77"}],"collection":[{"href":"http:\/\/krankengymnastik-flensburg.de\/physio\/wp-json\/wp\/v2\/pages"}],"about":[{"href":"http:\/\/krankengymnastik-flensburg.de\/physio\/wp-json\/wp\/v2\/types\/page"}],"author":[{"embeddable":true,"href":"http:\/\/krankengymnastik-flensburg.de\/physio\/wp-json\/wp\/v2\/users\/1"}],"replies":[{"embeddable":true,"href":"http:\/\/krankengymnastik-flensburg.de\/physio\/wp-json\/wp\/v2\/comments?post=77"}],"version-history":[{"count":11,"href":"http:\/\/krankengymnastik-flensburg.de\/physio\/wp-json\/wp\/v2\/pages\/77\/revisions"}],"predecessor-version":[{"id":622,"href":"http:\/\/krankengymnastik-flensburg.de\/physio\/wp-json\/wp\/v2\/pages\/77\/revisions\/622"}],"wp:attachment":[{"href":"http:\/\/krankengymnastik-flensburg.de\/physio\/wp-json\/wp\/v2\/media?parent=77"}],"curies":[{"name":"wp","href":"https:\/\/api.w.org\/{rel}","templated":true}]}}