{"id":81,"date":"2014-08-28T11:40:40","date_gmt":"2014-08-28T09:40:40","guid":{"rendered":"http:\/\/krankengymnastik-flensburg.de\/cms\/?page_id=81"},"modified":"2015-01-26T11:30:49","modified_gmt":"2015-01-26T09:30:49","slug":"eisanwendungen","status":"publish","type":"page","link":"http:\/\/krankengymnastik-flensburg.de\/physio\/eisanwendungen\/","title":{"rendered":"Eisanwendungen (KT)"},"content":{"rendered":"<h2>Eiskalt erwischt&#8230;<\/h2>\n<p>Die auch als Kryotherapie bezeichnete Technik der Eisanwendung kommt h\u00e4ufig bei Verletzungen, insbesondere bei Sportverletzungen, zur Anwendung. Die durch Auflage von K\u00e4ltekissen oder anderen Medien entzogene W\u00e4rmenergie f\u00fchrt zu einer Abk\u00fchlung des Gewebes und wirkt schmerzlindernd und entz\u00fcndungshemmend.<\/p>\n<p>In der Physiotherapie wird die K\u00e4ltetherapie h\u00e4ufig als unterst\u00fctzende Ma\u00dfnahme eingesetzt. Es gibt unterschiedliche Formen: wie zum Beispiel K\u00fchlpacks, Kompressen, Eisbad oder Eisabreibung. Die Wirkung der K\u00e4ltetherapie ist je nach Temperatur unterschiedlich. Sie wirkt schmerzlindernd, entz\u00fcndungshemmend und f\u00f6rdert die Durchblutung.<\/p>\n","protected":false},"excerpt":{"rendered":"<p class=\"excerpt\">Eiskalt erwischt&#8230; Die auch als Kryotherapie bezeichnete Technik der Eisanwendung kommt h\u00e4ufig bei Verletzungen, insbesondere bei Sportverletzungen, zur Anwendung. Die durch Auflage von K\u00e4ltekissen oder anderen Medien entzogene W\u00e4rmenergie f\u00fchrt zu einer Abk\u00fchlung des Gewebes und wirkt schmerzlindernd und entz\u00fcndungshemmend. In der Physiotherapie wird die K\u00e4ltetherapie h\u00e4ufig als unterst\u00fctzende Ma\u00dfnahme eingesetzt. Es gibt unterschiedliche Formen: wie zum Beispiel K\u00fchlpacks, Kompressen,&hellip; <a href=\"http:\/\/krankengymnastik-flensburg.de\/physio\/eisanwendungen\/\">weiterlesen &rarr;<\/a><\/p>\n","protected":false},"author":1,"featured_media":0,"parent":0,"menu_order":0,"comment_status":"closed","ping_status":"closed","template":"","meta":[],"yoast_head":"<!-- This site is optimized with the Yoast SEO plugin v17.1 - https:\/\/yoast.com\/wordpress\/plugins\/seo\/ -->\n<meta name=\"robots\" content=\"index, follow, max-snippet:-1, max-image-preview:large, max-video-preview:-1\" \/>\n<link rel=\"canonical\" href=\"http:\/\/krankengymnastik-flensburg.de\/physio\/eisanwendungen\/\" \/>\n<meta property=\"og:locale\" content=\"de_DE\" \/>\n<meta property=\"og:type\" content=\"article\" \/>\n<meta property=\"og:title\" content=\"Eisanwendungen (KT) - Physiotherapie Gorm Larsen\" \/>\n<meta property=\"og:description\" content=\"Eiskalt erwischt&#8230; Die auch als Kryotherapie bezeichnete Technik der Eisanwendung kommt h\u00e4ufig bei Verletzungen, insbesondere bei Sportverletzungen, zur Anwendung. Die durch Auflage von K\u00e4ltekissen oder anderen Medien entzogene W\u00e4rmenergie f\u00fchrt zu einer Abk\u00fchlung des Gewebes und wirkt schmerzlindernd und entz\u00fcndungshemmend. In der Physiotherapie wird die K\u00e4ltetherapie h\u00e4ufig als unterst\u00fctzende Ma\u00dfnahme eingesetzt. Es gibt unterschiedliche Formen: wie zum Beispiel K\u00fchlpacks, Kompressen,&hellip; weiterlesen &rarr;\" \/>\n<meta property=\"og:url\" content=\"http:\/\/krankengymnastik-flensburg.de\/physio\/eisanwendungen\/\" \/>\n<meta property=\"og:site_name\" content=\"Physiotherapie Gorm Larsen\" \/>\n<meta property=\"article:modified_time\" content=\"2015-01-26T09:30:49+00:00\" \/>\n<script type=\"application\/ld+json\" class=\"yoast-schema-graph\">{\"@context\":\"https:\/\/schema.org\",\"@graph\":[{\"@type\":\"WebSite\",\"@id\":\"http:\/\/krankengymnastik-flensburg.de\/physio\/#website\",\"url\":\"http:\/\/krankengymnastik-flensburg.de\/physio\/\",\"name\":\"Physiotherapie Gorm Larsen\",\"description\":\"Krankengymnastik Flensburg\",\"potentialAction\":[{\"@type\":\"SearchAction\",\"target\":{\"@type\":\"EntryPoint\",\"urlTemplate\":\"http:\/\/krankengymnastik-flensburg.de\/physio\/?s={search_term_string}\"},\"query-input\":\"required name=search_term_string\"}],\"inLanguage\":\"de\"},{\"@type\":\"WebPage\",\"@id\":\"http:\/\/krankengymnastik-flensburg.de\/physio\/eisanwendungen\/#webpage\",\"url\":\"http:\/\/krankengymnastik-flensburg.de\/physio\/eisanwendungen\/\",\"name\":\"Eisanwendungen (KT) - Physiotherapie Gorm Larsen\",\"isPartOf\":{\"@id\":\"http:\/\/krankengymnastik-flensburg.de\/physio\/#website\"},\"datePublished\":\"2014-08-28T09:40:40+00:00\",\"dateModified\":\"2015-01-26T09:30:49+00:00\",\"breadcrumb\":{\"@id\":\"http:\/\/krankengymnastik-flensburg.de\/physio\/eisanwendungen\/#breadcrumb\"},\"inLanguage\":\"de\",\"potentialAction\":[{\"@type\":\"ReadAction\",\"target\":[\"http:\/\/krankengymnastik-flensburg.de\/physio\/eisanwendungen\/\"]}]},{\"@type\":\"BreadcrumbList\",\"@id\":\"http:\/\/krankengymnastik-flensburg.de\/physio\/eisanwendungen\/#breadcrumb\",\"itemListElement\":[{\"@type\":\"ListItem\",\"position\":1,\"name\":\"Home\",\"item\":\"http:\/\/krankengymnastik-flensburg.de\/physio\/\"},{\"@type\":\"ListItem\",\"position\":2,\"name\":\"Eisanwendungen (KT)\"}]}]}<\/script>\n<!-- \/ Yoast SEO plugin. -->","yoast_head_json":{"robots":{"index":"index","follow":"follow","max-snippet":"max-snippet:-1","max-image-preview":"max-image-preview:large","max-video-preview":"max-video-preview:-1"},"canonical":"http:\/\/krankengymnastik-flensburg.de\/physio\/eisanwendungen\/","og_locale":"de_DE","og_type":"article","og_title":"Eisanwendungen (KT) - Physiotherapie Gorm Larsen","og_description":"Eiskalt erwischt&#8230; Die auch als Kryotherapie bezeichnete Technik der Eisanwendung kommt h\u00e4ufig bei Verletzungen, insbesondere bei Sportverletzungen, zur Anwendung. Die durch Auflage von K\u00e4ltekissen oder anderen Medien entzogene W\u00e4rmenergie f\u00fchrt zu einer Abk\u00fchlung des Gewebes und wirkt schmerzlindernd und entz\u00fcndungshemmend. In der Physiotherapie wird die K\u00e4ltetherapie h\u00e4ufig als unterst\u00fctzende Ma\u00dfnahme eingesetzt. Es gibt unterschiedliche Formen: wie zum Beispiel K\u00fchlpacks, Kompressen,&hellip; weiterlesen &rarr;","og_url":"http:\/\/krankengymnastik-flensburg.de\/physio\/eisanwendungen\/","og_site_name":"Physiotherapie Gorm Larsen","article_modified_time":"2015-01-26T09:30:49+00:00","schema":{"@context":"https:\/\/schema.org","@graph":[{"@type":"WebSite","@id":"http:\/\/krankengymnastik-flensburg.de\/physio\/#website","url":"http:\/\/krankengymnastik-flensburg.de\/physio\/","name":"Physiotherapie Gorm Larsen","description":"Krankengymnastik Flensburg","potentialAction":[{"@type":"SearchAction","target":{"@type":"EntryPoint","urlTemplate":"http:\/\/krankengymnastik-flensburg.de\/physio\/?s={search_term_string}"},"query-input":"required name=search_term_string"}],"inLanguage":"de"},{"@type":"WebPage","@id":"http:\/\/krankengymnastik-flensburg.de\/physio\/eisanwendungen\/#webpage","url":"http:\/\/krankengymnastik-flensburg.de\/physio\/eisanwendungen\/","name":"Eisanwendungen (KT) - Physiotherapie Gorm Larsen","isPartOf":{"@id":"http:\/\/krankengymnastik-flensburg.de\/physio\/#website"},"datePublished":"2014-08-28T09:40:40+00:00","dateModified":"2015-01-26T09:30:49+00:00","breadcrumb":{"@id":"http:\/\/krankengymnastik-flensburg.de\/physio\/eisanwendungen\/#breadcrumb"},"inLanguage":"de","potentialAction":[{"@type":"ReadAction","target":["http:\/\/krankengymnastik-flensburg.de\/physio\/eisanwendungen\/"]}]},{"@type":"BreadcrumbList","@id":"http:\/\/krankengymnastik-flensburg.de\/physio\/eisanwendungen\/#breadcrumb","itemListElement":[{"@type":"ListItem","position":1,"name":"Home","item":"http:\/\/krankengymnastik-flensburg.de\/physio\/"},{"@type":"ListItem","position":2,"name":"Eisanwendungen (KT)"}]}]}},"_links":{"self":[{"href":"http:\/\/krankengymnastik-flensburg.de\/physio\/wp-json\/wp\/v2\/pages\/81"}],"collection":[{"href":"http:\/\/krankengymnastik-flensburg.de\/physio\/wp-json\/wp\/v2\/pages"}],"about":[{"href":"http:\/\/krankengymnastik-flensburg.de\/physio\/wp-json\/wp\/v2\/types\/page"}],"author":[{"embeddable":true,"href":"http:\/\/krankengymnastik-flensburg.de\/physio\/wp-json\/wp\/v2\/users\/1"}],"replies":[{"embeddable":true,"href":"http:\/\/krankengymnastik-flensburg.de\/physio\/wp-json\/wp\/v2\/comments?post=81"}],"version-history":[{"count":8,"href":"http:\/\/krankengymnastik-flensburg.de\/physio\/wp-json\/wp\/v2\/pages\/81\/revisions"}],"predecessor-version":[{"id":620,"href":"http:\/\/krankengymnastik-flensburg.de\/physio\/wp-json\/wp\/v2\/pages\/81\/revisions\/620"}],"wp:attachment":[{"href":"http:\/\/krankengymnastik-flensburg.de\/physio\/wp-json\/wp\/v2\/media?parent=81"}],"curies":[{"name":"wp","href":"https:\/\/api.w.org\/{rel}","templated":true}]}}